r of 270 and 1770?
30
Calculate the highest common divisor of 574 and 112.
14
Calculate the highest common divisor of 70 and 882.
14
What is the greatest common divisor of 147 and 9996?
147
Calculate the greatest common divisor of 17 and 34.
17
Calculate the highest common factor of 285 and 240.
15
Calculate the greatest common divisor of 4596 and 12.
12
Calculate the highest common divisor of 1334 and 92.
46
Calculate the highest common divisor of 5289 and 387.
129
What is the greatest common divisor of 5598 and 72?
18
What is the highest common divisor of 1127 and 92?
23
What is the highest common factor of 2 and 26?
2
What is the highest common divisor of 6 and 768?
6
Calculate the greatest common divisor of 256 and 176.
16
Calculate the greatest common factor of 26 and 2444.
26
Calculate the highest common factor of 1 and 137.
1
Calculate the highest common divisor of 928 and 32.
32
Calculate the greatest common divisor of 143 and 221.
13
What is the greatest common divisor of 80 and 40?
40
What is the greatest common factor of 96 and 368?
16
Calculate the highest common factor of 4 and 100.
4
What is the greatest common factor of 1737 and 36?
9
Calculate the highest common factor of 264 and 3.
3
Calculate the highest common factor of 952 and 1309.
119
Calculate the highest common divisor of 32 and 544.
32
What is the highest common divisor of 416 and 13?
13
What is the greatest common divisor of 35 and 1505?
35
Calculate the greatest common factor of 1287 and 495.
99
Calculate the greatest common divisor of 2252 and 4.
4
Calculate the highest common divisor of 63423 and 29.
29
What is the greatest common divisor of 22 and 3564?
22
Calculate the greatest common divisor of 10 and 15.
5
What is the highest common divisor of 22 and 4950?
22
Calculate the highest common factor of 336 and 1722.
42
Calculate the greatest common factor of 9073 and 43.
43
What is the greatest common divisor of 10 and 95?
5
What is the greatest common factor of 3 and 48?
3
Calculate the highest common factor of 170 and 1462.
34
Calculate the highest common factor of 2134 and 22.
22
What is the highest common factor of 1 and 2869?
1
What is the greatest common divisor of 286 and 3289?
143
Calculate the greatest common factor of 348 and 372.
12
What is the greatest common divisor of 28 and 4396?
28
Calculate the highest common factor of 428 and 9202.
214
Calculate the greatest common factor of 900 and 340.
20
Calculate the greatest common divisor of 11 and 30701.
11
Calculate the greatest common divisor of 96 and 3424.
32
Calculate the greatest common factor of 630 and 168.
42
What is the greatest common factor of 55 and 11?
11
What is the highest common divisor of 221 and 68?
17
Calculate the greatest common divisor of 7 and 1050.
7
What is the highest common divisor of 58 and 162?
2
What is the highest common factor of 36 and 4302?
18
What is the greatest common factor of 30 and 70?
10
Calculate the greatest common factor of 1920 and 120.
120
What is the greatest common factor of 39 and 2561?
13
What is the greatest common factor of 348 and 24?
12
What is the highest common divisor of 57 and 57?
57
What is the greatest common divisor of 152 and 8132?
76
What is the greatest common factor of 252 and 14?
14
What is the greatest common divisor of 11 and 5093?
11
What is the highest common factor of 120 and 160?
40
What is the highest common divisor of 1570 and 30?
10
Calculate the greatest common factor of 693 and 819.
63
Calculate the highest common divisor of 54 and 222.
6
Calculate the greatest common factor of 18 and 48.
6
What is the greatest common divisor of 1462 and 86?
86
What is the greatest common divisor of 21 and 231?
21
What is the highest common divisor of 28 and 1169?
7
What is the greatest common divisor of 22 and 407?
11
What is the highest common divisor of 1025 and 41?
41
Calculate the highest common divisor of 3 and 61.
1
What is the greatest common divisor of 3448 and 24?
8
Calculate the highest common factor of 220 and 140.
20
Calculate the highest common divisor of 2 and 41.
1
Calculate the highest common divisor of 518 and 19906.
74
What is the greatest common divisor of 22815 and 30?
15
Calculate the highest common divisor of 8019 and 99.
99
What is the greatest common divisor of 16 and 1592?
8
Calculate the highest common factor of 95 and 15.
5
What is the highest common factor of 66 and 48?
6
Calculate the highest common factor of 3123 and 45.
9
Calculate the greatest common divisor of 785 and 5.
5
What is the greatest common divisor of 528 and 308?
44
Calculate the highest common divisor of 15 and 375.
15
Calculate the greatest common divisor of 9 and 6.
3
Calculate the greatest common factor of 650 and 351.
13
Calculate the greatest common divisor of 104 and 29432.
104
What is the greatest common factor of 7384 and 71?
71
What is the highest common factor of 1241 and 219?
73
What is the greatest common factor of 459 and 3267?
27
What is the greatest common divisor of 11 and 1991?
11
Calculate the highest common factor of 203 and 145.
29
What is the greatest common factor of 2625 and 150?
75
Calculate the greatest common divisor of 12 and 76.
4
Calculate the greatest common factor of 1515 and 1111.
101
Calculate the highest common divisor of 9170 and 280.
70
What is the greatest common divisor of 133 and 19?
19
What is the greatest common divisor of 1209 and 186?
93
What is the highest common divisor of 34 and 221?
17
What is the highest common divisor of 175 and 22925?
175
What is the greatest common divisor of 2788 and 17?
17
Calculate the highest common divisor of 456 and 48.
24
Calculate the greatest common factor of 5 and 5235.
5
Calculate the highest common divisor of 576 and 126.
18
Calculate the highest common divisor of 11 and 3179.
11
What is the highest common divisor of 17 and 1343?
17
Calculate the greatest common divisor of 44 and 8.
4
Calculate the greatest common factor of 98 and 17101.
49
What is the highest common divisor of 286 and 156?
26
Calculate the highest common divisor of 1702 and 37.
37
What is the highest common factor of 522 and 192?
6
Calculate the highest common factor of 2 and 674.
2
Calculate the greatest common divisor of 135 and 351.
27
Calculate the highest common divisor of 14 and 11592.
14
Calculate the highest common divisor of 12 and 2048.
4
What is the highest common divisor of 99 and 759?
33
What is the highest common divisor of 3115 and 245?
35
What is the highest common factor of 126 and 18?
18
What is the greatest common divisor of 304 and 224?
16
What is the highest common divisor of 90 and 90?
90
Calculate the greatest common factor of 77 and 49.
7
Calculate the greatest common factor of 635 and 5.
5
What is the greatest common divisor of 34 and 17408?
34
What is the highest common divisor of 7 and 12?
1
Calculate the highest common divisor of 10 and 235.
5
Calculate the greatest common divisor of 28 and 847.
7
Calculate the greatest common divisor of 29503 and 489.
163
What is the greatest common divisor of 156 and 416?
52
Calculate the greatest common divisor of 5576 and 1088.
136
What is the greatest common factor of 28 and 266?
14
Calculate the highest common divisor of 8 and 1688.
8
What is the greatest common divisor of 742 and 28?
14
What is the highest common divisor of 102 and 1479?
51
Calculate the greatest common divisor of 2784 and 480.
96
What is the greatest common factor of 25 and 1325?
25
Calculate the highest common divisor of 684 and 1596.
228
What is the greatest common factor of 22 and 33?
11
What is the greatest common divisor of 151 and 27331?
151
Calculate the greatest common divisor of 11 and 39.
1
What is the greatest common divisor of 18 and 87?
3
What is the highest common factor of 12 and 2172?
12
What is the greatest common factor of 576 and 544?
32
Calculate the greatest common factor of 301 and 86.
43
Calculate the highest common divisor of 945 and 4185.
135
Calculate the highest common factor of 212 and 8692.
212
What is the highest common divisor of 182 and 156?
26
What is the highest common divisor of 135 and 30?
15
What is the highest common factor of 3641 and 11?
11
What is the greatest common factor of 37 and 1480?
37
Calculate the greatest common fact